 is u(p)?
3
Let t(d) be the first derivative of d**4/4 + 5*d**3/3 - 2*d**2 - d + 31. What is t(-3)?
29
Let s(l) = -6*l. Suppose 2*x - 6 = -4*u, -121*x + 124*x + 13 = 5*u. Calculate s(x).
6
Let y be -1 - (40/(-5) - -3). Let k be 10/4 + (-3)/6. Let q(h) = k*h - h + 4 - 2*h - 2*h. Determine q(y).
-8
Let a(c) be the second derivative of -1/6*c**4 + 6*c + 0 + 0*c**3 + 1/5*c**5 + 1/2*c**2. What is a(1)?
3
Let x be -12 + 4*-3*(-1)/4. Let m be (2/6 + 0)/(x/189). Let o(r) = r**3 + 7*r**2 + r. Calculate o(m).
-7
Let t(m) = 14*m**2 - 4*m + 32. Let h(x) = 5*x**2 - 2*x + 11. Let d(u) = -11*h(u) + 4*t(u). Give d(-6).
7
Let g(u) = u + 11. Let i = 316 - 316. Give g(i).
11
Let n(u) = -4*u**2 + 8*u**2 + 7*u + 8 + 3*u - 5*u**2. Calculate n(8).
24
Let i(q) = -10*q + 1. Suppose -283*r - 16 = -275*r. Give i(r).
21
Let b(x) = -2*x**3 - 11*x + 6. Let q(p) = p**3 + p**2 + 10*p - 7. Let t(h) = -2*b(h) - 3*q(h). What is t(4)?
-7
Suppose -2*z - 2*h = -3*h + 36, 0 = -5*h. Let a be (-40)/z + (-18)/81. Suppose 3*p = -0*v - 4*v - 5, 2*v - 22 = a*p. Let d(i) = i**2 + 7*i - 8. Give d(p).
-8
Let a(h) = 4*h**2 + 2*h + 3. Suppose 107*d + 270 - 56 = 0. Determine a(d).
15
Let v(h) = h**3 + 26*h**2. Let g be v(-26). Let i(u) = u**2 + u - 5. Determine i(g).
-5
Let a = -179 - -185. Let p(r) be the third derivative of 1/6*r**4 + 4/3*r**3 + 1/12*r**5 + 0*r - 1/120*r**6 + 0 + 2*r**2. Give p(a).
-4
Let g(a) = 2*a + 3. Let w(z) = 30*z + 132. Let v be w(-4). Determine g(v).
27
Let k(o) = 5*o + 17. Let d(c) = -10*c + 166. Let n be d(17). Calculate k(n).
-3
Let h(c) = -c**3 + 8*c**2 - 3*c + 3. Suppose -5*q + 22 = -q - 2*i, 0 = -4*q + 4*i + 32. Give h(q).
39
Let q(m) = -m**3 + 3*m**2 + 3*m + 4. Let o be (-46)/(-10) + -2 - 4/(-10). Give q(o).
13
Suppose 2*b = 20 - 14. Let w = 1 + b. Let j(r) = r**2 - 3*r - 3. Give j(w).
1
Suppose 2*h = -2*h + 16. Suppose -5*w - h = -4*w. Let y(g) = -4*g + 23. Let f(m) = -3*m + 20. Let q(l) = 6*f(l) - 5*y(l). Calculate q(w).
-3
Let v(m) = 5 - m**3 + 6*m**2 + m - 10*m - 11*m**3 + 3*m. Let k(w) = -12*w**3 + 5*w**2 - 5*w + 4. Let g(b) = 4*k(b) - 3*v(b). Determine g(1).
-11
Let v(q) = -q + 1. Let z(j) = -4*j + 2. Let m(o) = v(o) - z(o). Give m(-3).
-10
Let p(z) = -8*z - 2. Let i be (-1 + (-12)/(-9))/(4/(-12)). Calculate p(i).
6
Let n(w) be the second derivative of -w**4/12 + w**3 - 127*w. Let a be (-119)/(-3) - 1/(-3). Let b be (a/(-12))/((-4)/6). Determine n(b).
5
Let b(x) = 10*x - 17*x + 27*x**2 - 26*x**2. Give b(3).
-12
Let d(h) = h**3 - 3*h**2 - 7*h + 6. Suppose -5*a = m - 22, -3*a = 3*m - 22 - 8. Suppose 0 = m*l - 12*l. Suppose l*f = 3*f - 12. Calculate d(f).
-6
Let s = -202 - -198. Let j(g) = -g**3 - 7*g**2 - 4*g + 2. What is j(s)?
-30
Suppose -4*d = 73*c - 76*c - 5, d + 2*c = 15. Let h(z) = 2*z - 15. What is h(d)?
-5
Let q be ((-7)/2)/(42/(-84)). Let g(a) = a**3 - 8*a**2 + 7*a + 6. Calculate g(q).
6
Let n(r) be the first derivative of r**3/3 - r**2 - 4*r - 63. Determine n(3).
-1
Let d(t) be the third derivative of -2*t**2 - 1/24*t**4 - 21*t - 1/3*t**3 + 0. What is d(-5)?
3
Let q(h) = -h**2 + 6*h - 6. Let x = 119 - 103. Suppose -4*i + 3*l + 4 = 0, 9*l = 5*i + 8*l - x. Calculate q(i).
2
Let k be (-656)/(-80) + -2 + 42/15. Let w(r) = r**2 + 9*r + 2*r**2 - 4*r**2. Determine w(k).
0
Suppose 350 = 27*w + 26. Let g(d) = -d**3 + 12*d**2 + d - 2. Determine g(w).
10
Let y(o) be the third derivative of -1/4*o**4 + 1/60*o**5 + 4*o**2 - 1/2*o**3 + 0*o + 0. Give y(4).
-11
Let c be 3 + 16/5 + (-3)/15. Let j(v) be the third derivative of v**4/24 - v**3/2 + 3*v**2. What is j(c)?
3
Let l(k) = k + 2. Let g(q) = q**3 + 5*q**2 - 6*q - 3. Let r = -14 - -8. Let p be g(r). Determine l(p).
-1
Let q(o) be the first derivative of 3*o**2/2 + 7*o + 100. Calculate q(-6).
-11
Let z(w) = -w**3 + 5*w**2 - 4*w - 2. Suppose 9*n - 10*n + 11 = 0. Suppose -n = g - f, -5*g - 23 = 4*f - f. Let a be (-2)/g - 130/(-35). Give z(a).
-2
Let i(b) = -b**3 - 3*b**2 + b + 1. Suppose -5*n - 25*p + 5 = -20*p, 3*n = -2*p. Give i(n).
-5
Let d(r) be the first derivative of -r**4/4 + 3*r**3 + r**2 - 19*r - 91. Calculate d(9).
-1
Suppose -56 = -10*i + 3*i. Let j(y) = -29 + 4*y + 7 + 11 + i. Let h be 2*2*(-3)/(-6). What is j(h)?
5
Let g(h) = -1 - 6*h + 3*h**2 + 1 + 2 + 2*h**2 - 7*h**2. Give g(-3).
2
Let i = -192 + 190. Let d(f) = 3*f**2 + 5*f + 2. Let v(m) = 5*m**2 + 9*m + 4. Let b(w) = -7*d(w) + 4*v(w). What is b(i)?
-4
Let m(t) be the second derivative of -1/4*t**4 - 10*t + 0 - 2*t**2 + 0*t**3 - 1/20*t**5. Determine m(-3).
-4
Let i(x) = -3*x + 8. Let r = 39 - 39. Let o be r + 5 + 2/2. Calculate i(o).
-10
Let q(a) = a**3 + a**2 + 1. Let r(o) = -2*o**3 - 6*o**2 - 4*o - 7. Let s(k) = 3*q(k) + r(k). Let t(g) = -g - 2. Let w be t(-6). What is s(w)?
-4
Suppose -h + 2*v - 7 = 0, -4*h - v - 8 = -5*v. Let l(r) = -r**3 + 2*r**2 + 2*r + 1. Calculate l(h).
-2
Let i(c) be the second derivative of c**4/12 - 2*c**3/3 - 7*c**2/2 + 4*c. Let b be (5*2/4)/(70/168). Determine i(b).
5
Suppose 0 = 3*i - 12*i + 144. Let l(j) = -j**2 + 16*j - 1. Determine l(i).
-1
Let w(u) = u**3 + 12*u**2 - 12*u + 13. Let t be w(-13). Suppose k + t*k = 0, 5*k + 1 = o. Suppose j = -2 + o. Let p(y) = 2*y - 1. Calculate p(j).
-3
Suppose 400*f = 414*f + 28. Let q(m) = -m**3 - 4*m**2 - 3*m. Calculate q(f).
-2
Suppose 5*y = -o + 9, 2*y = -2*o + 16 + 26. Suppose 25*a - o*a = 15. Let j(z) = 11*z - 25*z + a*z - 9. Give j(8).
-1
Suppose -4*b = -2*m + 8, -m = -b + 2*m - 12. Let r(x) = x**2 + x - 5. Calculate r(b).
-5
Let f(o) = -o**2 + 2*o**2 + 27*o - 59*o - 8 + 18*o + 22*o. Determine f(-10).
12
Let y(n) = n - 11. Suppose 2*b - 22 = -3*r, 0 = 4*b + 2*r - 43 + 7. What is y(b)?
-3
Let k(p) = -p**2 - p + 8. Let w be k(0). Let t(a) = -607*a + 60*a**3 - 2 - 61*a**3 + 606*a + 8*a**2. Determine t(w).
-10
Let d(r) = -r**3 - r**2 - r - 1. Let g be ((-4)/(-2) + -2)/1. Let t be g*1/(-2)*1. Determine d(t).
-1
Suppose 8*y + 32 = 3*y + 4*l, -4 = 2*l. Let k(s) = 2*s - 8. Give k(y).
-24
Let k = -427 - -431. Let i(o) = o**3 - 3*o**2 - 3*o - 4. Determine i(k).
0
Let w be (-125)/25 + (-1 - -2 - -9). Let o(f) = 6*f - 3. Let v(t) = -5*t + 4. Let m(l) = -3*o(l) - 4*v(l). Calculate m(w).
3
Let l(a) = -a + 9. Let i(o) = -o + 9. Suppose 2*c - 7 = -3*v + 2*v, -3*c + 11 = v. Let b(q) = c*l(q) - 5*i(q). Suppose -2*y + 7*y = 0. Determine b(y).
-9
Let u(y) = -130*y**2 - 5*y + 1 + 128*y**2 + 3*y - 2*y. Give u(-2).
1
Let l(p) be the first derivative of p**3/3 + 13*p**2/2 + 23*p - 378. What is l(-10)?
-7
Let s(o) = 5*o - 1. Let z(a) = -3*a - 11. Let v be z(-5). Let n(i) = -18*i - 2 + v*i + 7*i + 8*i. Let c be n(1). Determine s(c).
-6
Let p(m) = 9*m**2 - 29*m + 31. Let n be p(1). Let g(u) = 2*u + 10. Determine g(n).
32
Let c(w) be the second derivative of -w**4/12 - w**3/3 + 7*w**2 + 3*w. Let p(q) be the first derivative of c(q). What is p(-3)?
4
Let w(b) = -b - 9. Suppose -4*t = -2*x + 3*x + 33, 0 = -2*t - 3*x - 19. Let i be w(t). Let q(f) = 3*f + 1. Determine q(i).
-2
Let j(z) be the third derivative of -z**5/120 + z**4/2 + z**3 + 17*z**2. Let y(c) be the first derivative of j(c). Determine y(0).
12
Let f(q) = -q**3 + q**2 - q + 1. Let k(v) = 14*v**3 - 6*v**2 + 7*v - 6. Let a(d) = 6*f(d) + k(d). Let n be (-25)/(-35) + 4/14. What is a(n)?
9
Let s(b) = -6*b + b**2 - 2 - 6 + 1. Suppose 32 = -p + 28. Let i(l) = l**3 + 4*l**2 - 2*l - 2. Let a be i(p). Calculate s(a).
-7
Suppose 0*t = 4*t - 12. Suppose -t = -3*f + 9. Let k(o) = 0*o**2 - 2*o**2 + 2 + o**2 - f. Give k(-3).
-11
Let w(x) = 3*x**2 + 7*x + 4. Let y(s) = 7*s**2 + 14*s + 7. Let f = 86 + -91. Let j(p) = f*w(p) + 2*y(p). What is j(-4)?
6
Suppose -15*s + 40 = -50. Let c(d) = 3*d + 5. Let j(n) = -3*n - 6. Let y(m) = s*c(m) + 5*j(m). Calculate y(3).
9
Let v(m) be the second derivative of 1/6*m**3 + 5*m**2 - 22*m + 0. Give v(-7).
3
Let i = -575 + 567. Let h(o) = -2*o - 10. Give h(i).
6
Let p(l) be the third derivative of -l**6/720 + l**5/30 - l**4/24 - 7*l**2. Let x(f) be the second derivative of p(f). What is x(3)?
1
Let d(y) = -y**3 + 7*y**2 - 5*y + 4. Let h be (-20)/(-6)*252/(-70). Let i be 1/3 - 68/h. Determine d(i).
10
Let h(k) = -5*k**3 - 13*k**2 + k + 80. Let m(j) = 6*j**3 + 15*j**2 - j - 94. Let g(o) = -7*h(o) - 6*m(o). Let d = -1 + 1. Let a be (1/2 - d)*0. Give g(a).
4
Let r = 25 + -7. Let a be (r/(-63))/((-1)/7). Suppose -4*i - a*i 